 a multiple of 20?
True
Is 228 a factor of 25061760?
True
Is 1000638837 a multiple of 99?
True
Does 17 divide 26788838?
True
Does 3330 divide 182204280?
True
Does 523 divide 353010273?
False
Is 942102400 a multiple of 32?
True
Is 2860 a factor of 1301810051?
False
Does 141 divide 2248135699?
False
Does 75 divide 22189514?
False
Is 591210412 a multiple of 134?
True
Is 214873466 a multiple of 19?
False
Is 17369352 a multiple of 1144?
True
Is 8901718 a multiple of 17?
False
Does 265 divide 23856095?
True
Is 149445825 a multiple of 5?
True
Is 14 a factor of 54741865?
False
Is 2790863031 a multiple of 12?
False
Is 13805792 a multiple of 154?
True
Does 20 divide 294428002?
False
Is 2489294700 a multiple of 134?
False
Is 109595103 even?
False
Is 203805671 a multiple of 567?
False
Does 633 divide 2092428287?
False
Is 16 a factor of 258675456?
True
Does 10586 divide 3517621940?
True
Is 276409856 a multiple of 256?
True
Is 264614 a multiple of 32?
False
Is 24 a factor of 617530416?
True
Is 62439233 a multiple of 194?
False
Is 136 a factor of 1294744208?
True
Is 398461161 a multiple of 59?
True
Does 25 divide 718179275?
True
Is 20 a factor of 2951940?
True
Does 2740 divide 1483997700?
True
Is 246 a factor of 63679560?
True
Is 8 a factor of 151634801?
False
Does 491 divide 9409266?
False
Does 3 divide 15649480?
False
Does 6673 divide 763451257?
True
Does 477 divide 447308658?
True
Does 5760 divide 390545280?
True
Does 79 divide 258567381?
False
Is 163 a factor of 109469198?
False
Is 19 a factor of 524333326?
False
Does 36 divide 67762008?
True
Does 11 divide 257172663?
True
Is 174925920 a multiple of 13?
True
Is 1757 a factor of 8666955?
False
Is 936763549 a multiple of 9?
False
Is 362 a factor of 859575177?
False
Is 18008610 a multiple of 3?
True
Does 33 divide 126534573?
True
Does 14 divide 39758556?
False
Does 114 divide 93083964?
True
Is 114 a factor of 227328312?
True
Does 183 divide 90092730?
True
Is 2305 a factor of 12500015?
True
Is 5554 a factor of 712666464?
False
Is 207885765 a multiple of 5?
True
Does 640 divide 51265920?
True
Does 134 divide 176048485?
False
Is 53 a factor of 38904853?
False
Is 17248098 a multiple of 42?
True
Does 218 divide 153864618?
True
Does 35 divide 151667636?
False
Does 7 divide 1405173?
True
Is 74 a factor of 518760128?
True
Does 377 divide 11815913?
False
Does 63 divide 21709926?
True
Is 1130361141 a multiple of 608?
False
Is 60 a factor of 110941279?
False
Does 14 divide 53531870?
True
Is 2713 a factor of 799966032?
True
Does 18 divide 2012491962?
True
Does 2569 divide 245914956?
True
Is 15890816 a multiple of 30?
False
Does 109 divide 109049486?
True
Does 350 divide 8825600?
True
Is 588 a factor of 267744266?
False
Is 1913536940 a multiple of 889?
True
Does 10 divide 651239430?
True
Is 345358552 a multiple of 3571?
True
Does 1726 divide 69957019?
False
Is 203 a factor of 1243080588?
False
Is 968714426 a multiple of 4979?
False
Is 618919940 a multiple of 756?
False
Does 351 divide 66276380?
False
Is 1252156195 a multiple of 3726?
False
Is 6 a factor of 514901178?
True
Is 8 a factor of 246075776?
True
Is 471 a factor of 648302769?
True
Is 107 a factor of 62860934?
False
Is 22794060 a multiple of 94?
True
Does 94 divide 429452348?
True
Is 205 a factor of 43661492?
False
Does 52 divide 327952612?
True
Does 23 divide 51812772?
False
Is 1519715382 a multiple of 213?
True
Does 67 divide 138390242?
True
Is 353 a factor of 2030432349?
True
Does 2 divide 50846959?
False
Does 12 divide 10149857?
False
Is 147155797 even?
False
Is 185 a factor of 455296840?
True
Is 3700405 a multiple of 124?
False
Is 45 a factor of 549927810?
True
Is 1684 a factor of 14125039?
False
Is 5 a factor of 85832765?
True
Does 812 divide 23885622?
False
Does 541 divide 74039637?
True
Is 35 a factor of 146788740?
True
Does 283 divide 25967757?
False
Is 9 a factor of 17566984?
False
Is 27454818 a multiple of 1240?
False
Does 6 divide 440459190?
True
Is 179 a factor of 31903680?
False
Does 55 divide 122630200?
True
Is 4613990 a multiple of 12?
False
Does 36 divide 9349020?
True
Is 15 a factor of 227348880?
True
Is 114647384 a multiple of 118?
True
Is 968781 a multiple of 33?
True
Is 3 a factor of 1395249?
True
Is 1416 a factor of 40814690?
False
Does 15 divide 13559289?
False
Is 82063120 a multiple of 198?
False
Is 74557437 a multiple of 699?
True
Is 100679246 a multiple of 517?
False
Does 55 divide 195807590?
True
Is 43 a factor of 10160384?
True
Is 466 a factor of 35365672?
True
Does 4276 divide 227705552?
True
Does 6 divide 135401467?
False
Does 402 divide 3578202?
True
Is 122 a factor of 184199260?
True
Does 2151 divide 22288767?
False
Does 10 divide 1429121930?
True
Is 576 a factor of 202376756?
False
Is 145632260 a multiple of 478?
True
Is 11040446 a multiple of 733?
True
Does 29 divide 81600374?
True
Is 429944982 a multiple of 74?
False
Does 538 divide 30230758?
True
Is 310145360 a multiple of 1132?
True
Does 65 divide 22340435?
True
Does 61 divide 32451507?
False
Is 175916922 a multiple of 54?
False
Is 60 a factor of 52713000?
True
Is 220140625 a multiple of 1825?
True
Does 97 divide 17526542?
True
Does 34 divide 35001980?
True
Does 3 divide 11153061?
True
Is 12532320 a multiple of 15?
True
Does 20 divide 47680020?
True
Is 15 a factor of 8976585?
True
Is 13361316 a multiple of 557?
True
Is 5630 a factor of 630250350?
True
Does 20 divide 69115398?
False
Does 11 divide 1712468546?
False
Is 1625 a factor of 108106375?
True
Is 1012043424 a multiple of 14?
True
Does 13 divide 79283607?
True
Is 7767703 a multiple of 576?
False
Is 273 a factor of 60453013?
False
Is 1586434740 a multiple of 30?
True
Is 1590 a factor of 344591160?
True
Is 12 a factor of 1415835576?
True
Is 25 a factor of 371810200?
True
Is 523 a factor of 13893495?
True
Does 25 divide 233812058?
False
Is 285438664 a multiple of 356?
True
Is 16 a factor of 302615472?
True
Does 17 divide 18850722?
True
Does 39 divide 12768355?
False
Is 2 a factor of 83911220?
True
Does 4190 divide 129793587?
False
Is 14 a factor of 4115035960?
True
Is 197965656 a multiple of 28?
True
Does 21 divide 114206799?
True
Does 3 divide 23705983?
False
Is 86247237 a multiple of 73?
True
Is 154 a factor of 89992518?
True
Is 2404243 a multiple of 9?
False
Is 111932419 a multiple of 369?
False
Is 3034 a factor of 258471477?
False
Does 535 divide 127470170?
True
Does 344 divide 23488182?
False
Is 11 a factor of 1065285708?
False
Is 12476615 a multiple of 5?
True
Is 100968119 a multiple of 2144?
False
Is 257 a factor of 994076?
True
Is 31 a factor of 216704429?
False
Is 2860 a factor of 495438671?
False
Is 602 a factor of 115661658?
True
Is 186 a factor of 148238544?
False
Does 7 divide 12630904?
False
Is 11 a factor of 24934140?
True
Is 23055649 a multiple of 385?
False
Is 24072419 a multiple of 132?
False
Does 103 divide 4468434477?
True
Is 4321 a factor of 324851671?
False
Does 270 divide 2021734895?
False
Is 3717 a factor of 292520362?
False
Is 804 a factor of 203110255?
False
Does 46 divide 364846061?
False
Does 212 divide 75274004?
False
Is 1993 a factor of 53080760?
False
Is 18384732 a multiple of 12?
True
Does 24 divide 16653192?
True
Does 20 divide 157917256?
False
Is 11912238 a multiple of 923?
True
Is 244100870 a multiple of 1006?
True
Is 366 a factor of 262837365?
False
Does 227 divide 58450828?
False
Does 48 divide 210970014?
False
Is 10213673 a multiple of 18?
False
Is 9 a factor of 106044299?
False
Is 209150938 a multiple of 766?
True
Does 11 divide 3372776?
True
Does 2 divide 33879861?
False
Is 385 a factor of 10434655?
True
Does 2783 divide 353405538?
False
Is 726 a factor of 28056364?
False
Does 140 divide 325993360?
True
Is 34790509 a multiple of 13?
True
Does 413 divide 793741771?
False
Is 704220650 a multiple of 1225?
True
Is 40814875 a multiple of 17?
True
Is 417148692 a multiple of 67?
False
Is 201852 a multiple of 108?
True
Does 224 divide 2674348934?
False
Is 75 a factor of 63455250?
True
Is 529433567 a multiple of 17?
True
Is 4870705091 a multiple of 7?
True
Is 380 a factor of 958188240?
True
Is 80 a factor of 25672960?
True
Is 112226550 a multiple of 1110?
True
Does 2159 divide 232636568?
True
Does 132 divide 343309858?
False
Is 138 a factor of 780810781?
False
Is 44 a factor of 17383172?
F